 -1a + 2bb5?
2b97
In base 10, what is -1697 - -20?
-1677
In base 12, what is -79299 - -7?
-79292
In base 4, what is 133 - 1232312?
-1232113
In base 5, what is 232124 - 4334?
222240
In base 4, what is -3 - -3112113?
3112110
In base 2, what is 10100001111111 + -111011?
10100001000100
In base 4, what is 3331 + 112?
10103
In base 13, what is 1a2226 + 4?
1a222a
In base 9, what is -7 + -34378?
-34386
In base 11, what is -2 - 171960?
-171962
In base 7, what is -3252106 + -3?
-3252112
In base 11, what is 7a6a9 - 1?
7a6a8
In base 9, what is -108108 + 4?
-108104
In base 3, what is -200 + 112121?
111221
In base 6, what is -3302034 + 3?
-3302031
In base 10, what is 2 + -41814?
-41812
In base 7, what is 12440 - 244?
12163
In base 16, what is -13 - -5b6?
5a3
In base 4, what is 21203201 - -10?
21203211
In base 6, what is -11 + 3132140?
3132125
In base 12, what is bb16 + 3?
bb19
In base 12, what is -1184658 + -2?
-118465a
In base 6, what is 12553 + 21?
13014
In base 6, what is 3300252 + 2?
3300254
In base 10, what is 25 + -3048?
-3023
In base 7, what is -1155 + -104664?
-106152
In base 11, what is 4 - 233a?
-2336
In base 10, what is 15 - 9774?
-9759
In base 2, what is 100001 + 111000000?
111100001
In base 10, what is -139 + 525?
386
In base 10, what is 19804 - -2?
19806
In base 9, what is -5 + -7735?
-7741
In base 14, what is -2 + -101451?
-101453
In base 2, what is 1001000 - -1001100?
10010100
In base 8, what is 33 - 43752?
-43717
In base 8, what is 0 + -76361?
-76361
In base 16, what is -3d - 62e?
-66b
In base 12, what is 5 + -7591?
-7588
In base 8, what is -267 - -24600?
24311
In base 3, what is -20120012001 - 10?
-20120012011
In base 10, what is -307028 - 14?
-307042
In base 7, what is 2222 + 153?
2405
In base 7, what is 133046 - -65?
133144
In base 11, what is -1637 + 7a?
-1568
In base 9, what is 4 + -24374?
-24370
In base 3, what is -1001021111121 - -11?
-1001021111110
In base 11, what is -16 - -29172?
29157
In base 8, what is 122 + -3600?
-3456
In base 5, what is 3 + -22024311?
-22024303
In base 7, what is -144523 - 1?
-144524
In base 4, what is 3010 + 22202?
31212
In base 13, what is -4 - -1a43?
1a3c
In base 4, what is -11333030 + -203?
-11333233
In base 5, what is -1 - -440410?
440404
In base 14, what is 1 - -1c2a2?
1c2a3
In base 4, what is 2 - -131311012?
131311020
In base 12, what is -b08 - -224?
-8a4
In base 11, what is -27a - -122?
-158
In base 3, what is 211120 - -1012?
212202
In base 11, what is 141864 - 6?
141859
In base 16, what is 7362 - 7?
735b
In base 8, what is 1436226 - 4?
1436222
In base 14, what is -2 + 3461?
345d
In base 8, what is 356 + 2150?
2526
In base 14, what is -20798a - 0?
-20798a
In base 4, what is -3 - 1011002212?
-1011002221
In base 5, what is -10111040 - -3?
-10111032
In base 12, what is 4892365 + 2?
4892367
In base 7, what is -204 - 1351?
-1555
In base 10, what is 0 - 16744?
-16744
In base 15, what is -c8 + -9cb?
-aa4
In base 12, what is -3 - -4b46?
4b43
In base 4, what is -2112220 + 11?
-2112203
In base 10, what is -371629 + 1?
-371628
In base 8, what is 4 + 5522?
5526
In base 7, what is 16 + 5243?
5262
In base 9, what is 3 - 45317?
-45314
In base 7, what is 433600 + -15?
433552
In base 2, what is -11 - 1000100001100100100?
-1000100001100100111
In base 8, what is 2 - -31375?
31377
In base 3, what is 11111 - -20?
11201
In base 3, what is 100 - -1121122010?
1121122110
In base 5, what is 100041322 + -11?
100041311
In base 2, what is 1 + -10011110101010110?
-10011110101010101
In base 14, what is -55b37 + -8?
-55b41
In base 11, what is -26 - 10984?
-109aa
In base 2, what is -1111 + 1111111000000001?
1111110111110010
In base 8, what is 11 - -40220?
40231
In base 6, what is 1 - -22204124?
22204125
In base 14, what is 1c + 44d?
46b
In base 3, what is -1021 + 220100002?
220021211
In base 14, what is -16 + 56cb?
56b5
In base 10, what is -4 - -2470?
2466
In base 6, what is -123 - 1241?
-1404
In base 14, what is 51b3a6 - -1?
51b3a7
In base 15, what is -88e + -36?
-8c5
In base 7, what is -6255 - -2?
-6253
In base 4, what is 22 - 21110230?
-21110202
In base 7, what is -2603 - 2143?
-5046
In base 11, what is 5 - -75963?
75968
In base 3, what is 211 + -100022?
-22111
In base 13, what is 922b - 5?
9226
In base 7, what is -3 - -100620?
100614
In base 16, what is 2921 + -b?
2916
In base 14, what is 117b + -613?
968
In base 11, what is -23 + -1493?
-1506
In base 6, what is -444225 - -3?
-444222
In base 4, what is 22130 - 10320?
11210
In base 12, what is -14964 + 16?
-1494a
In base 16, what is -1143 - -20f?
-f34
In base 4, what is -3212 - 23130?
-33002
In base 11, what is -a6 - -1418?
1322
In base 3, what is 212101 - 1101?
211000
In base 12, what is 5 + 69b84?
69b89
In base 9, what is -350350 + 28?
-350321
In base 14, what is -8845 + 5?
-8840
In base 11, what is 52 + 1612?
1664
In base 4, what is 201 + 20111?
20312
In base 7, what is -4632 - -3?
-4626
In base 8, what is 614 + 1134?
1750
In base 2, what is 1011111000 - 1101001?
1010001111
In base 3, what is -11 - -1001011?
1001000
In base 15, what is 9 - 16e03?
-16de9
In base 14, what is 2 - 4db57?
-4db55
In base 2, what is 101 + -10011001?
-10010100
In base 13, what is -1a79a + 2?
-1a798
In base 13, what is 1522b + 60?
1528b
In base 11, what is -1005a - -66?
-aaa4
In base 12, what is 150ba7 - -2?
150ba9
In base 5, what is -1 - 12403?
-12404
In base 6, what is -2324024 + 25?
-2323555
In base 6, what is -40 + -1155?
-1235
In base 8, what is 5 - 23717?
-23712
In base 3, what is -1022001 - 1211001?
-10010002
In base 11, what is 8076 - -9?
8084
In base 9, what is 4 - 276283?
-276278
In base 7, what is 1 - -100?
101
In base 15, what is -2 - -1274?
1272
In base 3, what is 1 + -21121100?
-21121022
In base 16, what is -5 + 65b2a?
65b25
In base 7, what is 2541 + 233?
3104
In base 9, what is 8643 + -4?
8638
In base 3, what is -10112 + 11100?
211
In base 6, what is 0 - 3451031?
-3451031
In base 3, what is 12011101 + 1021?
12012122
In base 8, what is -203107 - 2?
-203111
In base 5, what is -114224 + 141?
-114033
In base 3, what is 12220102 + -2011?
12211021
In base 14, what is 5916 + -8?
590c
In base 15, what is 34 - -ba?
ee
In base 7, what is -2520331 - 5?
-2520336
In base 4, what is 11 - 3323311?
-3323300
In base 3, what is 2111 - -22100011?
22102122
In base 7, what is -5 - -3061636?
3061631
In base 6, what is 0 - -2334233?
2334233
In base 7, what is -5425301 - -5?
-5425263
In base 9, what is -3 - 17705?
-17708
In base 8, what is 172 - 161?
11
In base 4, what is -310321210 + -1?
-310321211
In base 8, what is -10341 + 0?
-10341
In base 16, what is c8 - -52c3?
538b
In base 7, what is 13163 - -406?
13602
In base 8, what is 25 + -4302?
-4255
In base 15, what is 5c + -22e?
-1c2
In base 10, what is -3148 + -6?
-3154
In base 3, what is -11120020 + 101?
-11112212
In base 6, what is -450403 - 2?
-450405
In base 5, what is -332204004 + -1?
-332204010
In base 16, what is -4 + -95c?
-960
In base 16, what is 25cc - 2?
25ca
In base 10, what is -720 + -529?
-1249
In base 8, what is -34203147 - 4?
-34203153
In base 8, what is 1 - -51057?
51060
In base 13, what is 15b70a + -4?
15b706
In base 3, what is -10020001022 - 11?
-10020001110
In base 16, what is -126 + 1b3?
8d
In base 4, what is -1321000 + 11310?
-1303030
In base 4, what is 21312020130 + 3?
21312020133
In base 3, what is -22 + -100021101?
-100021200
In base 6, what is 211054 + -214?
210440
In base 8, what is -1632 + 614?
-1016
In base 8, what is 11 + -532436?
-532425
In base 4, what is -11 - -313303331?
313303320
In base 8, what is -662 + 24?
-636
In base 5, what is 103 + 12212323?
12212431
In base 7, what is -44251 - 10?
-44261
In base 16, what is -47 - 57?
-9e
In base 10, what is -24896 + -17?
-24913
In base 8, what is -371631 + 3?
-371626
In base 12, what is -5 - 391438?
-391441
In base 5, what is 4 - 130043?
-130034
In base 8, what is -10 - 33455?
-33465
In base 11, what is -105 + -18a5?
-19aa
In base 6, what is -422125 + -4?
-422133
In base 2, what is 111101 - -1001000100?
1010000001
In base 11, what is -133 - -181?
49
In base 7, what is -261065 + 14?
-261051
In base 14, what is -3c2 + 19?
-3a7
In base 8, what is -236 + 572?
334
In base 16, what is 1 + -b7d4c?
-b7d4b
In base 4, what is 3331321 - -11?
3331332
In base 9, what is 5 - -130?
135
In base 12